{"id":6434,"date":"2024-11-27T18:09:31","date_gmt":"2024-11-27T17:09:31","guid":{"rendered":"https:\/\/monexperiencededieu.fr\/?page_id=6434"},"modified":"2025-06-18T10:04:30","modified_gmt":"2025-06-18T08:04:30","slug":"lemission-le-club-medd","status":"publish","type":"page","link":"https:\/\/monexperiencededieu.fr\/?page_id=6434","title":{"rendered":"L&#8217;EMISSION LE CLUB MEDD"},"content":{"rendered":"\n<h2 class=\"wp-block-heading has-text-align-center\">L&#8217;EMISSION LE CLUB MEDD<\/h2>\n\n\n\n<p class=\"has-text-align-center\">Retrouvez tous les \u00e9pisodes du CLUB MEDD \u00e0 retrouver sur notre cha\u00eene youtube Mon exp\u00e9rience de Dieu et sur toutes les plateformes de streaming audio (Spotify, Deezer, Amazon music..) !  <\/p>\n\n\n\n<div class=\"wp-block-columns is-layout-flex wp-container-core-columns-is-layout-28f84493 wp-block-columns-is-layout-flex\">\n<div class=\"wp-block-column is-layout-flow wp-block-column-is-layout-flow\">\n<figure class=\"wp-block-embed is-type-video is-provider-youtube wp-block-embed-youtube wp-embed-aspect-16-9 wp-has-aspect-ratio\"><div class=\"wp-block-embed__wrapper\">\n<iframe loading=\"lazy\" title=\"LES COULISSES D&#039;UN INFLUENCEUR CHR\u00c9TIEN - avec le catho de service\" width=\"950\" height=\"534\" src=\"https:\/\/www.youtube.com\/embed\/fyLy8pRPxF8?feature=oembed\" frameborder=\"0\" allow=\"accelerometer; autoplay; clipboard-write; encrypted-media; gyroscope; picture-in-picture; web-share\" referrerpolicy=\"strict-origin-when-cross-origin\" allowfullscreen><\/iframe>\n<\/div><\/figure>\n\n\n\n<figure class=\"wp-block-embed is-type-video is-provider-youtube wp-block-embed-youtube wp-embed-aspect-16-9 wp-has-aspect-ratio\"><div class=\"wp-block-embed__wrapper\">\n<iframe loading=\"lazy\" title=\"IL A V\u00c9CU L\u2019ENFER DANS PLUS DE 205 PRISONS - avec Jan de Cock\" width=\"950\" height=\"534\" src=\"https:\/\/www.youtube.com\/embed\/23TNWA93mH8?feature=oembed\" frameborder=\"0\" allow=\"accelerometer; autoplay; clipboard-write; encrypted-media; gyroscope; picture-in-picture; web-share\" referrerpolicy=\"strict-origin-when-cross-origin\" allowfullscreen><\/iframe>\n<\/div><\/figure>\n<\/div>\n\n\n\n<div class=\"wp-block-column is-layout-flow wp-block-column-is-layout-flow\">\n<figure class=\"wp-block-embed is-type-video is-provider-youtube wp-block-embed-youtube wp-embed-aspect-16-9 wp-has-aspect-ratio\"><div class=\"wp-block-embed__wrapper\">\n<iframe loading=\"lazy\" title=\"ELLE SE CONVERTIT DE L&#039;ISLAM AU CHRISTIANISME - avec @laublessed\" width=\"950\" height=\"534\" src=\"https:\/\/www.youtube.com\/embed\/7ouWtImeoAk?feature=oembed\" frameborder=\"0\" allow=\"accelerometer; autoplay; clipboard-write; encrypted-media; gyroscope; picture-in-picture; web-share\" referrerpolicy=\"strict-origin-when-cross-origin\" allowfullscreen><\/iframe>\n<\/div><\/figure>\n\n\n\n<figure class=\"wp-block-embed is-type-video is-provider-youtube wp-block-embed-youtube wp-embed-aspect-16-9 wp-has-aspect-ratio\"><div class=\"wp-block-embed__wrapper\">\n<iframe loading=\"lazy\" title=\"35 ANS DE COMMANDEMENT GUID\u00c9S PAR LA FOI - avec le g\u00e9n\u00e9ral Margail\" width=\"950\" height=\"534\" src=\"https:\/\/www.youtube.com\/embed\/Ngeaxbr6BVE?feature=oembed\" frameborder=\"0\" allow=\"accelerometer; autoplay; clipboard-write; encrypted-media; gyroscope; picture-in-picture; web-share\" referrerpolicy=\"strict-origin-when-cross-origin\" allowfullscreen><\/iframe>\n<\/div><\/figure>\n<\/div>\n<\/div>\n\n\n\n<figure class=\"wp-block-embed is-type-rich is-provider-spotify wp-block-embed-spotify wp-embed-aspect-21-9 wp-has-aspect-ratio\"><div class=\"wp-block-embed__wrapper\">\n<iframe title=\"Spotify Embed: LES COULISSES D&amp;apos;UN INFLUENCEUR CHR\u00c9TIEN\" style=\"border-radius: 12px\" width=\"100%\" height=\"152\" frameborder=\"0\" allowfullscreen allow=\"autoplay; clipboard-write; encrypted-media; fullscreen; picture-in-picture\" loading=\"lazy\" src=\"https:\/\/open.spotify.com\/embed\/show\/7rKnnZgG2w2So8hjhxVEoF?utm_source=oembed\"><\/iframe>\n<\/div><\/figure>\n","protected":false},"excerpt":{"rendered":"<p>L&#8217;EMISSION LE CLUB MEDD Retrouvez tous les \u00e9pisodes du CLUB MEDD \u00e0 retrouver sur notre cha\u00eene youtube Mon exp\u00e9rience de Dieu et sur toutes les plateformes de streaming audio (Spotify, Deezer, Amazon music..) !<\/p>\n","protected":false},"author":1,"featured_media":0,"parent":0,"menu_order":0,"comment_status":"closed","ping_status":"closed","template":"","meta":{"_themeisle_gutenberg_block_has_review":false,"inspiro_hide_title":false,"footnotes":""},"class_list":["post-6434","page","type-page","status-publish","hentry"],"jetpack_sharing_enabled":true,"_links":{"self":[{"href":"https:\/\/monexperiencededieu.fr\/index.php?rest_route=\/wp\/v2\/pages\/6434","targetHints":{"allow":["GET"]}}],"collection":[{"href":"https:\/\/monexperiencededieu.fr\/index.php?rest_route=\/wp\/v2\/pages"}],"about":[{"href":"https:\/\/monexperiencededieu.fr\/index.php?rest_route=\/wp\/v2\/types\/page"}],"author":[{"embeddable":true,"href":"https:\/\/monexperiencededieu.fr\/index.php?rest_route=\/wp\/v2\/users\/1"}],"replies":[{"embeddable":true,"href":"https:\/\/monexperiencededieu.fr\/index.php?rest_route=%2Fwp%2Fv2%2Fcomments&post=6434"}],"version-history":[{"count":5,"href":"https:\/\/monexperiencededieu.fr\/index.php?rest_route=\/wp\/v2\/pages\/6434\/revisions"}],"predecessor-version":[{"id":6450,"href":"https:\/\/monexperiencededieu.fr\/index.php?rest_route=\/wp\/v2\/pages\/6434\/revisions\/6450"}],"wp:attachment":[{"href":"https:\/\/monexperiencededieu.fr\/index.php?rest_route=%2Fwp%2Fv2%2Fmedia&parent=6434"}],"curies":[{"name":"wp","href":"https:\/\/api.w.org\/{rel}","templated":true}]}}