{"id":6310,"date":"2023-08-21T17:07:11","date_gmt":"2023-08-21T15:07:11","guid":{"rendered":"https:\/\/monexperiencededieu.fr\/?page_id=6310"},"modified":"2023-08-24T21:58:40","modified_gmt":"2023-08-24T19:58:40","slug":"communaute-de-priere-hozana","status":"publish","type":"page","link":"https:\/\/monexperiencededieu.fr\/?page_id=6310","title":{"rendered":"Communaut\u00e9 de pri\u00e8re Hozana"},"content":{"rendered":"\n<figure class=\"wp-block-image alignfull size-full\"><img data-recalc-dims=\"1\" loading=\"lazy\" decoding=\"async\" width=\"950\" height=\"173\" src=\"https:\/\/i0.wp.com\/monexperiencededieu.fr\/wp-content\/uploads\/2023\/08\/BANNIERE-HOZANA.jpg?resize=950%2C173&#038;ssl=1\" alt=\"\" class=\"wp-image-6311\" srcset=\"https:\/\/i0.wp.com\/monexperiencededieu.fr\/wp-content\/uploads\/2023\/08\/BANNIERE-HOZANA.jpg?w=1920&amp;ssl=1 1920w, https:\/\/i0.wp.com\/monexperiencededieu.fr\/wp-content\/uploads\/2023\/08\/BANNIERE-HOZANA.jpg?resize=300%2C55&amp;ssl=1 300w, https:\/\/i0.wp.com\/monexperiencededieu.fr\/wp-content\/uploads\/2023\/08\/BANNIERE-HOZANA.jpg?resize=1024%2C187&amp;ssl=1 1024w, https:\/\/i0.wp.com\/monexperiencededieu.fr\/wp-content\/uploads\/2023\/08\/BANNIERE-HOZANA.jpg?resize=768%2C140&amp;ssl=1 768w, https:\/\/i0.wp.com\/monexperiencededieu.fr\/wp-content\/uploads\/2023\/08\/BANNIERE-HOZANA.jpg?resize=1536%2C280&amp;ssl=1 1536w, https:\/\/i0.wp.com\/monexperiencededieu.fr\/wp-content\/uploads\/2023\/08\/BANNIERE-HOZANA.jpg?resize=24%2C4&amp;ssl=1 24w, https:\/\/i0.wp.com\/monexperiencededieu.fr\/wp-content\/uploads\/2023\/08\/BANNIERE-HOZANA.jpg?resize=36%2C7&amp;ssl=1 36w, https:\/\/i0.wp.com\/monexperiencededieu.fr\/wp-content\/uploads\/2023\/08\/BANNIERE-HOZANA.jpg?resize=48%2C9&amp;ssl=1 48w\" sizes=\"auto, (max-width: 950px) 100vw, 950px\" \/><\/figure>\n\n\n\n<h2 class=\"wp-block-heading has-text-align-center\">\u00c0 partir du 10 septembre 2023 !<\/h2>\n\n\n\n<h2 class=\"wp-block-heading has-text-align-center\"> Inscrivez-vous \u00e0 la communaut\u00e9 de pri\u00e8re ci-dessous :<\/h2>\n\n\n\n    <center>\n<iframe loading=\"lazy\" width=\"520\" height=\"480\" src=\"https:\/\/hozana.org\/widget\/communaute\/11701\" style=\"border:none;\" frameborder=\"0\" title=\"site hozana.org\"><\/iframe>\n    <p style=\"font-size:10px; color:#777; text-align:center\">\n      <a style=\"color:#999\" href=\"https:\/\/hozana.org\/communaute\/11701-mon-experience-de-dieu\">Mon exp\u00e9rience de Dieu : des t\u00e9moignages pour nourrir ta foi !<\/a>\n      sur\n      <a style=\"color:#777\" href=\"https:\/\/hozana.org\/\">Hozana<\/a>\n    <\/p>\n","protected":false},"excerpt":{"rendered":"<p>\u00c0 partir du 10 septembre 2023 ! Inscrivez-vous \u00e0 la communaut\u00e9 de pri\u00e8re ci-dessous : Mon exp\u00e9rience de Dieu : des t\u00e9moignages pour nourrir ta foi ! sur Hozana<\/p>\n","protected":false},"author":1,"featured_media":0,"parent":0,"menu_order":0,"comment_status":"closed","ping_status":"closed","template":"","meta":{"_themeisle_gutenberg_block_has_review":false,"inspiro_hide_title":false,"footnotes":""},"class_list":["post-6310","page","type-page","status-publish","hentry"],"jetpack_sharing_enabled":true,"_links":{"self":[{"href":"https:\/\/monexperiencededieu.fr\/index.php?rest_route=\/wp\/v2\/pages\/6310","targetHints":{"allow":["GET"]}}],"collection":[{"href":"https:\/\/monexperiencededieu.fr\/index.php?rest_route=\/wp\/v2\/pages"}],"about":[{"href":"https:\/\/monexperiencededieu.fr\/index.php?rest_route=\/wp\/v2\/types\/page"}],"author":[{"embeddable":true,"href":"https:\/\/monexperiencededieu.fr\/index.php?rest_route=\/wp\/v2\/users\/1"}],"replies":[{"embeddable":true,"href":"https:\/\/monexperiencededieu.fr\/index.php?rest_route=%2Fwp%2Fv2%2Fcomments&post=6310"}],"version-history":[{"count":12,"href":"https:\/\/monexperiencededieu.fr\/index.php?rest_route=\/wp\/v2\/pages\/6310\/revisions"}],"predecessor-version":[{"id":6351,"href":"https:\/\/monexperiencededieu.fr\/index.php?rest_route=\/wp\/v2\/pages\/6310\/revisions\/6351"}],"wp:attachment":[{"href":"https:\/\/monexperiencededieu.fr\/index.php?rest_route=%2Fwp%2Fv2%2Fmedia&parent=6310"}],"curies":[{"name":"wp","href":"https:\/\/api.w.org\/{rel}","templated":true}]}}